{"id":25068,"date":"2024-08-08T13:29:48","date_gmt":"2024-08-08T13:29:48","guid":{"rendered":"https:\/\/ximivogue-ks.com\/?post_type=product&#038;p=25068"},"modified":"2024-11-06T13:07:06","modified_gmt":"2024-11-06T13:07:06","slug":"gersheta-te-medha-ne-forme-pika-uji-shumengjyreshe","status":"publish","type":"product","link":"https:\/\/ximivogue-ks.com\/?product=gersheta-te-medha-ne-forme-pika-uji-shumengjyreshe","title":{"rendered":"G\u00ebrsheta t\u00eb m\u00ebdha n\u00eb form\u00eb pika uji shum\u00ebngjyr\u00ebshe"},"content":{"rendered":"","protected":false},"excerpt":{"rendered":"","protected":false},"featured_media":25084,"comment_status":"open","ping_status":"closed","template":"","meta":{"content-type":""},"product_cat":[1348],"product_tag":[],"class_list":{"0":"post-25068","1":"product","2":"type-product","3":"status-publish","4":"has-post-thumbnail","6":"product_cat-aksesor-per-femije","8":"first","9":"instock","10":"shipping-taxable","11":"purchasable","12":"product-type-simple"},"_links":{"self":[{"href":"https:\/\/ximivogue-ks.com\/index.php?rest_route=\/wp\/v2\/product\/25068","targetHints":{"allow":["GET"]}}],"collection":[{"href":"https:\/\/ximivogue-ks.com\/index.php?rest_route=\/wp\/v2\/product"}],"about":[{"href":"https:\/\/ximivogue-ks.com\/index.php?rest_route=\/wp\/v2\/types\/product"}],"replies":[{"embeddable":true,"href":"https:\/\/ximivogue-ks.com\/index.php?rest_route=%2Fwp%2Fv2%2Fcomments&post=25068"}],"wp:featuredmedia":[{"embeddable":true,"href":"https:\/\/ximivogue-ks.com\/index.php?rest_route=\/wp\/v2\/media\/25084"}],"wp:attachment":[{"href":"https:\/\/ximivogue-ks.com\/index.php?rest_route=%2Fwp%2Fv2%2Fmedia&parent=25068"}],"wp:term":[{"taxonomy":"product_cat","embeddable":true,"href":"https:\/\/ximivogue-ks.com\/index.php?rest_route=%2Fwp%2Fv2%2Fproduct_cat&post=25068"},{"taxonomy":"product_tag","embeddable":true,"href":"https:\/\/ximivogue-ks.com\/index.php?rest_route=%2Fwp%2Fv2%2Fproduct_tag&post=25068"}],"curies":[{"name":"wp","href":"https:\/\/api.w.org\/{rel}","templated":true}]}}